24. Calculate the remainder when 78 is divided by -2 + 1*(-44)/z*2.
6
Suppose n - 24 = -n - 5*a, 0 = -4*a - 16. Suppose 0 = -53*y + 48*y + 15, 5*s - 761 = -2*y. Calculate the remainder when s is divided by n.
19
Let q = 2923 + -2598. What is the remainder when q is divided by 49?
31
Let r(n) = -59*n + 1. Let h be r(-1). Let g = 35 - h. Let z = g - -55. What is the remainder when z is divided by 11?
8
Let u be (-1 - 2)*4/6. Let t be (u/(-4))/(8/(-48)). Let m(j) = 8*j**2 - j + 3. What is the remainder when m(t) is divided by 20?
18
Suppose -46*m + 50*m + 596 = 4*d, 447 = 3*d - 5*m. What is the remainder when d is divided by 30 + 1*(0 - 0)?
29
Suppose -366 = -7*g - 79. What is the remainder when 311 is divided by g?
24
Let y = 100 + -55. Let q = -338 - -459. What is the remainder when q is divided by y?
31
Let r be 110*(-2 + 4*(-38)/(-16)). Suppose -r = -5*t - h + 3*h, 0 = t - 3*h - 165. What is the remainder when t is divided by 8?
5
Suppose 0 = 13*s - 4 - 48. Suppose -2*m = s*r - 340, 0 = 2*m + r + 106 - 434. What is the remainder when m is divided by 33?
30
Suppose 493 - 112 = 3*r. Suppose 351 = 20*k - 509. Calculate the remainder when r is divided by k.
41
Let c be 4*1*(-18 - -14). Let q be (c/(-10))/(3/30). Calculate the remainder when 82 is divided by q/72 - 212/(-18).
10
Suppose -4*s + 231 = -361. Suppose -21758 + 21588 = -10*t. Calculate the remainder when s is divided by t.
12
Let s(f) = f**2 + 2*f + 23. Let y(l) = 25*l**2 + 21*l - 96. What is the remainder when y(4) is divided by s(0)?
20
Suppose -9*v + 1754 = -1315. Let o = 351 - v. What is the remainder when 93 is divided by o?
3
Suppose -2*y = 5*q - 16 - 5, y - 12 = -3*q. Suppose -112 - 237 = -2*j - k, 2*j = -y*k + 351. Calculate the remainder when j is divided by 35.
34
Let u(x) = -x**3 - 25*x**2 - 44*x - 6. Let a be u(-22). Calculate the remainder when 186 is divided by 16/(-72) - a/18.
24
Suppose 0 = 7*f - 19*f + 2736. Suppose 47*o - f = 41*o. Calculate the remainder when 264 is divided by o.
36
Suppose 0 = 44*j - 4207 + 731. What is the remainder when j is divided by 40?
39
Suppose 27 = -3*g + 5*a + 216, 3*g - 3*a = 189. Suppose 0 = 3*d + 4*x - 52 - 28, -d - 5*x + 12 = 0. What is the remainder when g is divided by d?
31
Let w(g) = g**3 + 8*g**2 - 62*g + 54. Let o = 1 - 1. Suppose 2*n + 55 = 2*d - 65, -3*n - 6 = o. What is the remainder when d is divided by w(-13)?
13
Suppose 0 = -4*v - 0*t + 4*t - 1908, 0 = -3*v - 4*t - 1403. Let m = v - -682. Let o = m + -84. What is the remainder when o is divided by 16?
13
Suppose 3*n - 3*t - 117 = 0, -87*n = -90*n - 5*t + 101. Calculate the remainder when 237 is divided by n.
15
Let n = -43 - -83. Suppose 6*r - 4*v = 10*r - n, 4*r - 40 = 5*v. Suppose 176 = -6*z + r*z. Calculate the remainder when 85 is divided by z.
41
Calculate the remainder when 3449 is divided by (48/(-3) - -62) + (-4)/12*0.
45
Calculate the remainder when 9 + -18 + 6 + 2102 is divided by 7.
6
Suppose -15*l + 111 = -54. Calculate the remainder when 30 is divided by l.
8
Let o = -10747 - -12519. Calculate the remainder when o is divided by 30.
2
Suppose 10*u = 3*u - 42. Let p be (-3)/27*-3 - 388/u. Let t = -36 + p. What is the remainder when 115 is divided by t?
28
Let c(w) = 3*w**2 + 6*w - 11. Suppose -4*t + 7*t + 15 = 0, 0 = -u + 3*t + 23. What is the remainder when c(u) is divided by 58?
55
Let g be (-142)/(-16) + (-8)/320*-5. Suppose 0 = 3*z - 3*u - 33, -7*z - 24 = -g*z + u. Let b = 10 - -28. Calculate the remainder when b is divided by z.
12
Let l(v) = 5*v - 10. Let a be l(9). Suppose 0 = -36*o + 145 + a. What is the remainder when 46 is divided by o?
1
Calculate the remainder when ((-1638)/105)/((-5)/150) is divided by 117.
0
Let p(t) = -t**2 + 109*t - 1157. Calculate the remainder when p(95) is divided by 68.
37
Let x = -12118 - -12264. What is the remainder when 1022 is divided by x?
0
Suppose -13314 - 22233 = -161*i + 85042. Calculate the remainder when i is divided by 244.
17
Suppose 0 = 402*i - 404*i + 50. Calculate the remainder when 7223 is divided by i.
23
Suppose 310 = -6*c - 38. Let f be c/(-5) + 14/35. Calculate the remainder when 21 is divided by 3*(-1 + 32/f).
1
Let j = 846 + -842. Suppose 2*t - 4*t = -2. Calculate the remainder when (-4)/4*(-380)/(j/t) is divided by 32.
31
Let a = -1849 + 1875. Calculate the remainder when 34 is divided by a.
8
Let d = 1189 + -358. What is the remainder when d is divided by 60?
51
Suppose 2*n + 14616 = 4*x - 10890, 0 = -3*x + 4*n + 19132. Calculate the remainder when x/76 + 38/361 is divided by 74.
10
Let b(t) be the first derivative of -t**2/2 - 28*t + 173. What is the remainder when 39 is divided by b(-35)?
4
Suppose -30 = -4*n + 30. Suppose -3*q = j, 5*j = 3*j - 3*q. Suppose j = -5*a + 9*a - 592. Calculate the remainder when a is divided by n.
13
Let h(x) = 30*x**2 - 616*x + 616*x + 4*x**2. Let n(g) = 2*g**3 + 3*g**2 - 4*g + 9. What is the remainder when n(4) is divided by h(-1)?
33
Let w(z) = 68*z**2 + 46*z - 137. Calculate the remainder when w(3) is divided by 181.
70
Suppose 15*m - 248 - 7 = 0. Suppose m*i - 2250 = 8*i. Calculate the remainder when i is divided by 23.
20
Let a(s) = 12 + 15 + 13 + 300*s**2 - 41 + 2*s. Calculate the remainder when a(1) is divided by 61.
57
Let r(k) = -13*k - 22. Suppose -26*q + 28*q = -10. What is the remainder when 127 is divided by r(q)?
41
Calculate the remainder when 398 is divided by (-4)/6*(-13 - 143).
86
Let y(r) = -r + 92. Let b be y(-5). Suppose -b*p + 81*p + 1504 = 0. Calculate the remainder when p is divided by 88.
6
Let r be -1*(3 + (-10 - -4)). Suppose -40 = -r*a - 2*a. Suppose 17 = a*u + 1. Calculate the remainder when 5 is divided by u.
1
Suppose -11*j - 851 = -5*n, -n - 4*j - 4 + 137 = 0. What is the remainder when n is divided by 133?
24
Let m(h) = 45*h - 4. What is the remainder when m(11) is divided by 16 + 12 + -24 + 37?
40
Let z(c) = -9*c - 5. Let h be (12/(-30))/(1/(-75)*-3). Let g be 8/(-10)*(4 - (-15)/h). What is the remainder when 23 is divided by z(g)?
10
Let d = -13537 - -13649. What is the remainder when 532 is divided by d?
84
Suppose -4*h = -5*m + 617, -4*m - 44*h + 472 = -40*h. Let k(y) = -4*y**3 - y**2 + 2*y + 1. What is the remainder when m is divided by k(-2)?
21
Suppose 0 = -3*f + 53 - 2. Let p = 115 - 105. What is the remainder when (-5 - -35)*1/(6/p) is divided by f?
16
Let l = 3497 - 3458. Calculate the remainder when l is divided by 9.
3
Let w(j) = -2*j + 13. Let i(t) = t**2 - 3*t + 2. Suppose -2*u - 4*m = 4, u = 3*m + m - 2. Calculate the remainder when w(-5) is divided by i(u).
11
Suppose y + 20 = 5*y. Suppose -y*u + 0 + 50 = 0. Let p = -7 + 24. What is the remainder when p is divided by u?
7
What is the remainder when 44945 is divided by (-461)/(-7) - -1 - ((-3680)/(-112) - 32)?
65
Suppose -8*k - 26 = 6. Let r(h) = -114*h + 23. Let v be r(k). Suppose 10*m - v = -159. What is the remainder when 124 is divided by m?
28
Let k(l) = -6*l + 88. Let z(s) = -4*s + 59. Let p(h) = 5*k(h) - 7*z(h). What is the remainder when 44 is divided by p(11)?
4
Let m(w) = 19*w + 3744. What is the remainder when m(64) is divided by 11?
10
Suppose 718*b - 710*b - 3600 = 0. What is the remainder when b is divided by 33?
21
Suppose -5*f = -2*s - 641, 2*s + 374 = 4*f - 138. What is the remainder when 363 is divided by f?
105
Suppose 153 = 4*n - n. Suppose t - 5*l + 5 = 14, 4*l = t - 7. What is the remainder when n is divided by 96/5 + t/5 + 0?
13
Let o(a) = 4*a + 189. What is the remainder when 480 is divided by o(-23)?
92
Let n(b) = -b**2 - 27*b - 144. Let l be n(-21). What is the remainder when 2/l*57*-51 is divided by 47?
41
Let s be 2 + (564/(-14))/((-81)/378). Let d = s + -187. Let q = -2 - -14. Calculate the remainder when q is divided by d.
0
Let y(a) = 4*a**2. Let l be y(-1). Suppose -2*f - 16 = 4*r + 14, 0 = 5*r - l*f + 5. What is the remainder when 52 is divided by 78/4 + r/10?
14
Let m(y) = -y**3 + 8*y**2 - y - 5. Calculate the remainder when m(4) is divided by (99/(-693)*133/(-2))/(1/2).
17
What is the remainder when 227 is divided by (1*-47)/(2/(-7) - 345/483)?
39
Suppose -203*h + 339 + 6074 = 526. What is the remainder when 964 is divided by h?
7
Let j(h) = -h**3 - 48*h**2 - 7*h - 116. Calculate the remainder when j(-48) is divided by 8.
4
Suppose 21